 be r(-2). Calculate the remainder when m/(-1) - (-1 + -2) is divided by 11.
9
Suppose -g = 2*g. What is the remainder when 14 is divided by (g - -5)/1*1?
4
Let g(x) = 2*x**2 + 1. What is the remainder when 3 is divided by g(1)?
0
Let r = 4 + -1. Suppose -2 = 3*m + 3*f - f, r*f + 10 = -m. Suppose -m*s - 23 = -67. What is the remainder when s is divided by 8?
6
Let s = 13 + -9. Calculate the remainder when 10 is divided by s.
2
Let z = -142 - -252. Calculate the remainder when z is divided by 32.
14
Suppose -o = 4*o - 245. Let g be 75/27 - 2/(-9). Suppose 0 = -g*d + 5*r + o, -d - 1 + 12 = r. What is the remainder when 25 is divided by d?
12
Suppose -s = -6*s - 2*m + 61, -m + 36 = 3*s. What is the remainder when s is divided by 7?
4
Suppose 8*v = 13*v - 175. What is the remainder when v is divided by 19?
16
Suppose 0 = -4*n, 3*w - 2*n = 9 + 3. Calculate the remainder when 5 is divided by w.
1
Suppose -32 - 28 = 4*k. Calculate the remainder when (-23)/(-1) - (7 - 4) is divided by (k - -1)*(-1)/2.
6
Let l(v) = -v - 4. Let f(c) = c + 3. Let i(g) = 5*f(g) + 4*l(g). Let t be i(-1). What is the remainder when 25 is divided by (18/4)/((-1)/t)?
7
Suppose -5*l + l + 4*v + 160 = 0, 2*l + v = 65. Suppose -36 = -3*o + o. What is the remainder when l is divided by o?
17
Let j be 0/(7 - (-6)/(-2)). What is the remainder when 14 is divided by j + -2 - (-7 - -1)?
2
Suppose -k = -4*j - 4*k + 146, j = -4*k + 30. Let z = j + -23. Calculate the remainder when 29 is divided by z.
14
Let z(b) = 3*b**2 + 61*b - 23. What is the remainder when 53 is divided by z(-21)?
15
Let v(u) = 18*u**2 + 3*u - 4. Calculate the remainder when v(1) is divided by 2.
1
Let z be 1*6 + -1 - 1. Let r = z - 2. Suppose -3*c - 5*b + 38 = -r*c, -16 = -4*b. What is the remainder when 53 is divided by c?
17
Let x(g) = 3*g**2 + 24*g + 9. Calculate the remainder when x(-11) is divided by 22.
20
Let a = 5 + 10. What is the remainder when 57 is divided by a?
12
Suppose -221 - 157 = -6*o. What is the remainder when o is divided by 10?
3
Let g(o) be the second derivative of o**4/6 - o**3/2 + 3*o**2/2 + o. Calculate the remainder when 22 is divided by g(3).
10
Let v = -4 - -12. Suppose m - 13 = -0*m. What is the remainder when m is divided by v?
5
Let q = -16 - -6. Let g = q + 20. What is the remainder when 18 is divided by g?
8
Let u = -19 - -40. Calculate the remainder when u is divided by 6.
3
Let x(s) = -s**3 - 3*s**2 + s - 4. Calculate the remainder when x(-5) is divided by 21.
20
Let s be (3 - 0)/1 - 10. Let t(h) = -10*h - 9. What is the remainder when t(s) is divided by 21?
19
Suppose -29*b + 70 = -27*b. Suppose -5*h = 4*g - 65, 2*h - 4*g - 26 = -7*g. What is the remainder when b is divided by h?
9
Suppose 0 = u - 3*j - 13, 3*j = 6*j - 15. Let g = u - 18. What is the remainder when 28 is divided by g?
8
Let l = -499 + 699. Suppose -20 - l = -4*h. What is the remainder when h is divided by 14?
13
Let h = 0 + 13. Suppose 0 = -5*d + d + 32. What is the remainder when h is divided by d?
5
Let j be 3/(-6)*(-4)/2. What is the remainder when 21 + (-8)/(-12)*-3 is divided by (11 - 0) + (-1)/j?
9
Suppose -32*i + 33*i - 1 = 0. What is the remainder when 18 is divided by i?
0
Suppose 11*x - 42 = 13. What is the remainder when 8 is divided by x?
3
Let o = -138 - -221. What is the remainder when o is divided by 14?
13
Calculate the remainder when (6 + -2)*(-126)/(-24) is divided by 6.
3
Let j(r) = -r**3 - 2*r**2 - 2*r - 1. Let t(h) = -8*h - 4. Calculate the remainder when j(-4) is divided by t(-3).
19
Suppose 2*o - 50 = -2*y, 0*o + 2*y = -3*o + 72. What is the remainder when 65 is divided by o?
21
Let x = 88 - 51. Suppose w - 5*r - 15 = 0, 4*r - 10 - 16 = -3*w. What is the remainder when x is divided by w?
7
Let k(c) = 2*c**2 - 8*c + 18. Calculate the remainder when k(6) is divided by ((-11)/4)/(1/(-4)).
9
Let v(u) = -12*u - 9. Let q be v(-7). Suppose 12*i - q = 7*i. What is the remainder when 42 is divided by i?
12
Calculate the remainder when 71 is divided by (4*2/24)/(3/117).
6
Let j(s) = 10*s**3 + 2*s - 1. Suppose -o + 3 = 2*o. Calculate the remainder when 32 is divided by j(o).
10
Let x(m) = -17*m - 3. Let y be (1/2)/((-3)/(-12)). Let w be (1 - y)/((-1)/(-2)). What is the remainder when x(w) is divided by 16?
15
Suppose 3*w - 4*w = -4*o + 45, o - 25 = 3*w. What is the remainder when 29 is divided by o?
9
Suppose -50 = -15*l + 100. Calculate the remainder when 55 is divided by l.
5
Let i = 18 + 8. Calculate the remainder when 4/(-26) + 1070/i is divided by 11.
8
Let r be (39/(-9))/(1/3). Let o = 28 + r. What is the remainder when (2/(-8))/(13/(-2236)) is divided by o?
13
Calculate the remainder when 6 is divided by 10/2*(-2 - -3).
1
Let x(i) be the third derivative of -i**4/12 - i**3/6 + 5*i**2. Suppose -2*o - 17 + 3 = 0. Calculate the remainder when 25 is divided by x(o).
12
Let m(p) = p**2 - 3*p - 4. Let i be m(4). Let j = -4 + 6. Suppose -c + i*c = -j. What is the remainder when 7 is divided by c?
1
Let v(d) = -2*d**3 - 16*d**2 - 2*d + 18. Calculate the remainder when 65 is divided by v(-8).
31
Let z be 12*(3 - (-10)/(-4)). Suppose -162 = -5*n + 3*i, -5*i - z = -n + 22. What is the remainder when n is divided by 18?
15
Let m = -9 - -17. Suppose -m*c + 40 = -4*c. What is the remainder when 28 is divided by c?
8
Let h(g) = g**3 + g**2 - g - 1. Calculate the remainder when 35 is divided by h(2).
8
Let u(m) = m**3 + m + 4. Let h be u(0). Suppose -3*c + 22 = h. Calculate the remainder when 22 is divided by c.
4
Suppose 0 = 5*h - 3*x - 8, -h = -x - x + 4. Calculate the remainder when 15 is divided by h.
3
Let g(u) = u + 10. Let h be g(-6). Suppose 6 = 2*q + m - 77, -3*q = h*m - 122. What is the remainder when q is divided by 11?
9
Let r = 1 - -12. Suppose 3*s - 8*s + 3*v + 29 = 0, -5*s + 41 = 3*v. Calculate the remainder when r is divided by s.
6
Let b be 12/(-42) + (-1348)/(-14). Suppose t + 4*k = -2*t + 161, -2*t + b = -3*k. What is the remainder when t is divided by 13?
12
Let r be ((-3)/4)/(1/(-8)). Suppose r + 4 = a. What is the remainder when (1 - 5)/(2/(-14)) is divided by a?
8
Let d(y) = -13*y - 24. What is the remainder when d(-10) is divided by 12?
10
Suppose 55 = 5*g + 5*v, 6*g + 2*v = 3*g + 28. What is the remainder when g is divided by 2?
0
Let r = 2 - -44. Let b = 132 + -116. What is the remainder when r is divided by b?
14
Suppose -189 = -3*f + 3*l, -3*f + 120 = l - 89. Let n = 157 - 143. Calculate the remainder when f is divided by n.
12
Suppose -4 = -2*w + 50. What is the remainder when w is divided by 7?
6
Let o(s) be the third derivative of -s**4/12 - 2*s**3/3 - 2*s**2. Suppose -a + 6*a = 55. What is the remainder when a is divided by o(-5)?
5
Suppose 4*s + 3*p - 33 = 0, -5*s + 5*p = -0*p - 15. Let c(z) = z**3 + 7*z**2 + 5*z - 2. Calculate the remainder when c(-5) is divided by s.
5
Let c = 12 + 10. Calculate the remainder when 87 is divided by c.
21
Let u(f) = -f**3 + 2*f**2 + 2*f - 3. Let c be u(3). Let i be 3 - 3*(-20)/c. Let k = i + 9. What is the remainder when 3 is divided by k?
1
Let a(x) = x**3 - 4*x**2 - 10*x + 8. What is the remainder when 57 is divided by a(6)?
17
Suppose 3*x - 54 = -4*c - c, 4*c = 2*x - 36. Calculate the remainder when x is divided by 11.
7
Suppose 0*l = -4*l + 108. What is the remainder when l is divided by 2?
1
Let c(d) = -2*d - 11*d**2 + 3 + 10*d**2 - 8*d. What is the remainder when c(-10) is divided by 3?
0
Let c(a) = a**2 + 29*a - 26. Calculate the remainder when 15 is divided by c(-30).
3
Suppose 0 = -14*h + 6*h + 1624. What is the remainder when h is divided by 34?
33
Let f = 19 - -4. What is the remainder when f is divided by 8?
7
Calculate the remainder when 101/2 - 5/(-10) is divided by 18.
15
Let i(x) = 15*x. Suppose 312 = 2*o - 158. Suppose -4*t = -5*k + o, 4*t = -k - 3 + 26. Calculate the remainder when k is divided by i(1).
13
Let i = -2 - 6. Calculate the remainder when 7 is divided by i/6*(-6)/4.
1
Let n(l) = 2*l**3 + 8*l**2 - 7*l - 8. Calculate the remainder when 111 is divided by n(-4).
11
Suppose -2*d + 0*d = -76. Let g = d - 22. Suppose -232 = -32*i + 24*i. What is the remainder when i is divided by g?
13
Let q = -54 - -71. Let v = 3 + -1. Suppose -v*o = -4*o + 12. Calculate the remainder when q is divided by o.
5
Suppose -6*v - 75 = -